{"id":172,"date":"2022-10-25T12:40:36","date_gmt":"2022-10-25T10:40:36","guid":{"rendered":"http:\/\/eis.grainscom.de\/?page_id=172"},"modified":"2023-12-01T12:34:01","modified_gmt":"2023-12-01T11:34:01","slug":"todo-liste","status":"publish","type":"page","link":"https:\/\/eis.grainscom.de\/?page_id=172","title":{"rendered":"ToDo Liste"},"content":{"rendered":"\n<p>Nur f\u00fcr den internen Gebrauch &#8211; wer sich f\u00fcr diese Projekt interessiert und sich mit einbringen m\u00f6chte, kann uns gerne eine Email senden. Wir werden uns schnellstm\u00f6glich mit dir in Verbindung setzten. eis@grainscom.de<\/p>\n\n\n\n<p>Stand: 01.12.2023<\/p>\n\n\n\n<figure class=\"wp-block-table\"><table><tbody><tr><td><strong>Aufgabe<\/strong><\/td><td><strong>Prio<\/strong><\/td><td><strong>Status<\/strong><\/td><\/tr><tr><td>nginx reverse proxy installieren und konfigurieren firewall anpassen<\/td><td>2<\/td><td>erledigt, Doku muss erstellt werden<\/td><\/tr><tr><td>eis Server von extern erreichbar machen (nginx Reverse Proxy muss installiert werden.)<\/td><td>2<\/td><td>erledigt<\/td><\/tr><tr><td>WiFi Parabol Antenne einrichten<\/td><td>6<\/td><td>noch nicht begonnen<\/td><\/tr><tr><td>Raspberry Batterie \u00fcberwachung aktivieren<\/td><td>3<\/td><td>erledigt<\/td><\/tr><tr><td>MatrixServer Installieren<\/td><td>2<\/td><td>erledigt<\/td><\/tr><tr><td>MatrixServer von extern erreichbar machen (nginx Reverse Proxy muss installiert werden.)<\/td><td>2<\/td><td>erledigt<\/td><\/tr><tr><td>Matrix Hilfe Seite erstellen<\/td><td>3<\/td><td>noch nicht begonnen<\/td><\/tr><tr><td>MatrixServer auf Raspberry Installieren und mit Main Server verheiraten<\/td><td>5<\/td><td>noch nicht begonnen<\/td><\/tr><tr><td>Kommunikations Info&#8217;s bereit stellen<\/td><td>5<\/td><td>in Bearbeitung<\/td><\/tr><tr><td>Nahrungs Info&#8217;s bereit stellen<\/td><td>5<\/td><td>noch nicht begonnen<\/td><\/tr><tr><td>Notfall Info&#8217;s bereit stellen<\/td><td>4<\/td><td>noch nicht begonnen<\/td><\/tr><tr><td>Impressum Seite erstellen<\/td><td>3<\/td><td>in Bearbeitung<\/td><\/tr><tr><td>RSS Feed f\u00fcr Aktuelle Infos Seite einrichten<\/td><td>3<\/td><td>noch nicht begonnen<\/td><\/tr><tr><td>Matrix Bot um Aktuelle Infos Seite und Matrix Raum gleichzeitig zu bef\u00fcllen.<\/td><td>3<\/td><td>noch nicht begonnen<\/td><\/tr><tr><td>SSL mit Letsencrypt aktivieren auf Matrix und Raspberry<\/td><td>2<\/td><td>erledigt<\/td><\/tr><tr><td>Hardware Kiste bauen f\u00fcr Batterien, Raspberry, Funkger\u00e4te usw.<\/td><td>6<\/td><td>in Bearbeitung<\/td><\/tr><tr><td>Raspberry Temperatur \u00fcberwachung damit batterien nicht kaputt gehen<\/td><td>6<\/td><td>erledigt<\/td><\/tr><tr><td>DNS Server auf Raspberry installieren und Konfigurieren<\/td><td>4<\/td><td>erledigt<\/td><\/tr><tr><td>WebSDR an Raspberry Anbinden und Konfigurieren<\/td><td>7<\/td><td>noch nicht begonnen<\/td><\/tr><tr><td>mediaWiki auf Raspberry installieren und bereitstellen<\/td><td>9<\/td><td>noch nicht begonnen<\/td><\/tr><tr><td>Affilate Links setzen<\/td><td>7<\/td><td>noch nicht begonnen<\/td><\/tr><tr><td>Karte Kompass Navigation Info Seite erstellen<\/td><td>5<\/td><td>noch nicht begonnen<\/td><\/tr><tr><td>Medien Bereitstellen (podcasts usw.)<\/td><td>8<\/td><td>noch nicht begonnen<\/td><\/tr><tr><td>PDF datei mit allen Infos zum ausdrucken bereitstellen<\/td><td>9<\/td><td>noch nicht begonnen<\/td><\/tr><\/tbody><\/table><\/figure>\n","protected":false},"excerpt":{"rendered":"<p>Nur f\u00fcr den internen Gebrauch &#8211; wer sich f\u00fcr diese Projekt interessiert und sich mit einbringen m\u00f6chte, kann uns gerne eine Email senden. Wir werden uns schnellstm\u00f6glich mit dir in Verbindung setzten. eis@grainscom.de Stand: 01.12.2023 Aufgabe Prio Status nginx reverse proxy installieren und konfigurieren firewall anpassen 2 erledigt, Doku muss erstellt werden eis Server von&hellip; <br \/> <a class=\"read-more\" href=\"https:\/\/eis.grainscom.de\/?page_id=172\">Weiterlesen<\/a><\/p>\n","protected":false},"author":1,"featured_media":174,"parent":0,"menu_order":0,"comment_status":"closed","ping_status":"closed","template":"","meta":{"footnotes":""},"class_list":["post-172","page","type-page","status-publish","has-post-thumbnail","hentry"],"_links":{"self":[{"href":"https:\/\/eis.grainscom.de\/index.php?rest_route=\/wp\/v2\/pages\/172","targetHints":{"allow":["GET"]}}],"collection":[{"href":"https:\/\/eis.grainscom.de\/index.php?rest_route=\/wp\/v2\/pages"}],"about":[{"href":"https:\/\/eis.grainscom.de\/index.php?rest_route=\/wp\/v2\/types\/page"}],"author":[{"embeddable":true,"href":"https:\/\/eis.grainscom.de\/index.php?rest_route=\/wp\/v2\/users\/1"}],"replies":[{"embeddable":true,"href":"https:\/\/eis.grainscom.de\/index.php?rest_route=%2Fwp%2Fv2%2Fcomments&post=172"}],"version-history":[{"count":36,"href":"https:\/\/eis.grainscom.de\/index.php?rest_route=\/wp\/v2\/pages\/172\/revisions"}],"predecessor-version":[{"id":466,"href":"https:\/\/eis.grainscom.de\/index.php?rest_route=\/wp\/v2\/pages\/172\/revisions\/466"}],"wp:featuredmedia":[{"embeddable":true,"href":"https:\/\/eis.grainscom.de\/index.php?rest_route=\/wp\/v2\/media\/174"}],"wp:attachment":[{"href":"https:\/\/eis.grainscom.de\/index.php?rest_route=%2Fwp%2Fv2%2Fmedia&parent=172"}],"curies":[{"name":"wp","href":"https:\/\/api.w.org\/{rel}","templated":true}]}}